{"id":2074,"date":"2026-01-26T22:11:58","date_gmt":"2026-01-27T02:11:58","guid":{"rendered":"https:\/\/legaetanahotel.com\/?post_type=product&#038;p=2074"},"modified":"2026-02-10T11:19:15","modified_gmt":"2026-02-10T15:19:15","slug":"valentines-day","status":"publish","type":"product","link":"https:\/\/legaetanahotel.com\/index.php\/produit\/valentines-day\/","title":{"rendered":"Valentine\u2019s Day \u2013 (14 f\u00e9vrier)"},"content":{"rendered":"<blockquote><p><span class=\"Apple-converted-space\">Le <\/span><strong>Gaetana H\u00f4tel<\/strong>\u00a0vous pr\u00e9sentent <strong>Valentine\u2019s Day<\/strong> : une soir\u00e9e romantique pour c\u00e9l\u00e9brer l\u2019amour dans un cadre \u00e9l\u00e9gant.<\/p><\/blockquote>\n<p>\ud83d\udcc5 <strong>Samedi 14 f\u00e9vrier<\/strong> | \ud83d\udd62 <strong>19h30 \u2013 22h30<\/strong><\/p>\n<p>\ud83d\udccd Le Guetali Restaurant du <strong>Gaetana H\u00f4tel<\/strong>, Route de Sofa\u00efa, 97115 Sainte-Rose<\/p>\n<p>\ud83c\udf9f\ufe0f <strong>Places limit\u00e9es<\/strong> \u2013 r\u00e9servation obligatoire.<\/p>\n<p>\u2705 <strong>Choisissez votre formule ci-dessous<\/strong> et indiquez le <strong>nombre de personnes<\/strong> dans la case quantit\u00e9 correspondante.<\/p>\n<hr \/>\n<p><strong>FORMULE D\u00ceNER GASTRONOMIQUE \u2013 90\u20ac \/ personne<\/strong><\/p>\n<p>D\u00eener gastronomique d\u2019exception sign\u00e9 <strong>Chef Wilem Oulac<\/strong> (entr\u00e9e \u2022 plat \u2022 dessert) + <strong>ambiance musicale.<\/strong><\/p>\n<p>\ud83e\udd42 <strong>1 coupe de champagne offerte<\/strong> par personne.<\/p>\n<p style=\"padding-left: 40px;\">\ud83d\udc49 <strong>Pour r\u00e9server<\/strong> : mettez la quantit\u00e9 dans la ligne <strong>\u201cValentine\u2019s Day \u2013 D\u00eener gastronomique\u201d<\/strong>.<\/p>\n<hr \/>\n<p><strong>Infos pratiques<\/strong><\/p>\n<ul>\n<li><strong>Heure d\u2019arriv\u00e9e conseill\u00e9e<\/strong> : \u00e0 partir de 19h15<\/li>\n<li><strong>Tenue<\/strong> : chic \/ \u00e9l\u00e9gant<\/li>\n<li><strong>Allergies \/ r\u00e9gimes<\/strong> : merci de l\u2019indiquer en \u201cnote de commande\u201d lors du paiement<\/li>\n<li><strong>Contact<\/strong> : 0690 32 25 00 \/ 0690 57 40 40<\/li>\n<\/ul>\n","protected":false},"excerpt":{"rendered":"<p>Savourez une soir\u00e9e d\u2019exception au Gaetana H\u00f4tel : d\u00eener gastronomique sign\u00e9 Chef Wilem Oulac, ambiance musicale, pour c\u00e9l\u00e9brer la Saint-Valentin.<\/p>\n<p>\ud83e\udd42 1 coupe de champagne offerte \u2022 \ud83c\udf9f\ufe0f Places limit\u00e9es<\/p>\n","protected":false},"featured_media":2081,"comment_status":"open","ping_status":"closed","template":"","meta":{"site-sidebar-layout":"default","site-content-layout":"","ast-site-content-layout":"default","site-content-style":"default","site-sidebar-style":"default","ast-global-header-display":"","ast-banner-title-visibility":"","ast-main-header-display":"","ast-hfb-above-header-display":"","ast-hfb-below-header-display":"","ast-hfb-mobile-header-display":"","site-post-title":"","ast-breadcrumbs-content":"","ast-featured-img":"","footer-sml-layout":"","theme-transparent-header-meta":"default","adv-header-id-meta":"","stick-header-meta":"","header-above-stick-meta":"","header-main-stick-meta":"","header-below-stick-meta":"","astra-migrate-meta-layouts":"set","ast-page-background-enabled":"default","ast-page-background-meta":{"desktop":{"background-color":"","background-image":"","background-repeat":"repeat","background-position":"center center","background-size":"auto","background-attachment":"scroll","background-type":"","background-media":"","overlay-type":"","overlay-color":"","overlay-opacity":"","overlay-gradient":""},"tablet":{"background-color":"","background-image":"","background-repeat":"repeat","background-position":"center center","background-size":"auto","background-attachment":"scroll","background-type":"","background-media":"","overlay-type":"","overlay-color":"","overlay-opacity":"","overlay-gradient":""},"mobile":{"background-color":"","background-image":"","background-repeat":"repeat","background-position":"center center","background-size":"auto","background-attachment":"scroll","background-type":"","background-media":"","overlay-type":"","overlay-color":"","overlay-opacity":"","overlay-gradient":""}},"ast-content-background-meta":{"desktop":{"background-color":"var(--ast-global-color-5)","background-image":"","background-repeat":"repeat","background-position":"center center","background-size":"auto","background-attachment":"scroll","background-type":"","background-media":"","overlay-type":"","overlay-color":"","overlay-opacity":"","overlay-gradient":""},"tablet":{"background-color":"var(--ast-global-color-5)","background-image":"","background-repeat":"repeat","background-position":"center center","background-size":"auto","background-attachment":"scroll","background-type":"","background-media":"","overlay-type":"","overlay-color":"","overlay-opacity":"","overlay-gradient":""},"mobile":{"background-color":"var(--ast-global-color-5)","background-image":"","background-repeat":"repeat","background-position":"center center","background-size":"auto","background-attachment":"scroll","background-type":"","background-media":"","overlay-type":"","overlay-color":"","overlay-opacity":"","overlay-gradient":""}},"_glsr_average":0,"_glsr_ranking":0,"_glsr_reviews":0},"product_brand":[],"product_cat":[27],"product_tag":[],"class_list":{"0":"post-2074","1":"product","2":"type-product","3":"status-publish","4":"has-post-thumbnail","6":"product_cat-non-classe","7":"desktop-align-left","8":"tablet-align-left","9":"mobile-align-left","11":"first","12":"instock","13":"virtual","14":"sold-individually","15":"purchasable","16":"product-type-booking"},"booking_location":"","booking_location_type":"","booking_duration":3,"booking_duration_unit":"hour","booking_buffer":0,"booking_cost":0,"booking_resources":[],"aioseo_notices":[],"_links":{"self":[{"href":"https:\/\/legaetanahotel.com\/index.php\/wp-json\/wp\/v2\/product\/2074","targetHints":{"allow":["GET"]}}],"collection":[{"href":"https:\/\/legaetanahotel.com\/index.php\/wp-json\/wp\/v2\/product"}],"about":[{"href":"https:\/\/legaetanahotel.com\/index.php\/wp-json\/wp\/v2\/types\/product"}],"replies":[{"embeddable":true,"href":"https:\/\/legaetanahotel.com\/index.php\/wp-json\/wp\/v2\/comments?post=2074"}],"wp:featuredmedia":[{"embeddable":true,"href":"https:\/\/legaetanahotel.com\/index.php\/wp-json\/wp\/v2\/media\/2081"}],"wp:attachment":[{"href":"https:\/\/legaetanahotel.com\/index.php\/wp-json\/wp\/v2\/media?parent=2074"}],"wp:term":[{"taxonomy":"product_brand","embeddable":true,"href":"https:\/\/legaetanahotel.com\/index.php\/wp-json\/wp\/v2\/product_brand?post=2074"},{"taxonomy":"product_cat","embeddable":true,"href":"https:\/\/legaetanahotel.com\/index.php\/wp-json\/wp\/v2\/product_cat?post=2074"},{"taxonomy":"product_tag","embeddable":true,"href":"https:\/\/legaetanahotel.com\/index.php\/wp-json\/wp\/v2\/product_tag?post=2074"}],"curies":[{"name":"wp","href":"https:\/\/api.w.org\/{rel}","templated":true}]}}